emainder when 6364720 is divided by 186?
172
Calculate the remainder when 243649 is divided by 81200.
49
Calculate the remainder when 425399 is divided by 212462.
475
What is the remainder when 4545251 is divided by 20380?
511
What is the remainder when 47976208 is divided by 298?
294
Calculate the remainder when 1085589 is divided by 542783.
23
What is the remainder when 3996911 is divided by 16181?
204
Calculate the remainder when 1044532 is divided by 902.
16
What is the remainder when 307258 is divided by 27930?
28
Calculate the remainder when 9526005 is divided by 1363.
1361
Calculate the remainder when 14116341 is divided by 167.
165
What is the remainder when 425225 is divided by 424519?
706
What is the remainder when 15813425 is divided by 2005?
1995
Calculate the remainder when 6527003 is divided by 1.
0
Calculate the remainder when 859185 is divided by 21.
12
Calculate the remainder when 25322959 is divided by 3380.
3379
What is the remainder when 32840 is divided by 66?
38
Calculate the remainder when 567531 is divided by 283750.
31
What is the remainder when 11566223 is divided by 3998?
9
What is the remainder when 649466 is divided by 216477?
35
Calculate the remainder when 83899962 is divided by 395.
382
What is the remainder when 3966869 is divided by 104?
101
What is the remainder when 11565722 is divided by 8822?
80
Calculate the remainder when 35503897 is divided by 8896.
8857
Calculate the remainder when 53809038 is divided by 6696.
6678
What is the remainder when 715605 is divided by 20436?
345
Calculate the remainder when 3738320 is divided by 871.
859
Calculate the remainder when 6817 is divided by 570.
547
Calculate the remainder when 133108 is divided by 1513.
1477
Calculate the remainder when 79873 is divided by 2110.
1803
Calculate the remainder when 6285573 is divided by 821.
818
What is the remainder when 157327 is divided by 3808?
1199
Calculate the remainder when 292560 is divided by 28417.
8390
Calculate the remainder when 12453 is divided by 205.
153
What is the remainder when 7789978 is divided by 28?
14
Calculate the remainder when 24339731 is divided by 5002.
5001
Calculate the remainder when 14789434 is divided by 4929807.
13
What is the remainder when 116382 is divided by 19292?
630
Calculate the remainder when 2753087 is divided by 3205.
3197
What is the remainder when 28328886 is divided by 9442960?
6
Calculate the remainder when 50731540 is divided by 1227.
1225
What is the remainder when 106880 is divided by 25191?
6116
Calculate the remainder when 115553 is divided by 113898.
1655
Calculate the remainder when 51433327 is divided by 117.
10
What is the remainder when 359366 is divided by 7777?
1624
What is the remainder when 11417671 is divided by 951455?
211
Calculate the remainder when 178775 is divided by 35752.
15
What is the remainder when 3484479 is divided by 162?
21
Calculate the remainder when 2079046 is divided by 18.
10
What is the remainder when 9205723 is divided by 228?
223
Calculate the remainder when 2789071 is divided by 348615.
151
What is the remainder when 2372405 is divided by 858?
35
Calculate the remainder when 3237849 is divided by 77.
76
What is the remainder when 12615992 is divided by 227?
13
Calculate the remainder when 139690 is divided by 5637.
4402
What is the remainder when 2887111 is divided by 2504?
2503
Calculate the remainder when 84380040 is divided by 84380033.
7
What is the remainder when 57056343 is divided by 8130?
3
What is the remainder when 3638747 is divided by 15353?
86
What is the remainder when 384183 is divided by 2599?
2130
What is the remainder when 5329737 is divided by 22973?
1
Calculate the remainder when 28789601 is divided by 539.
533
What is the remainder when 33576271 is divided by 108661?
22
Calculate the remainder when 1183968 is divided by 6039.
324
Calculate the remainder when 1382694 is divided by 117.
105
What is the remainder when 12186 is divided by 46?
42
Calculate the remainder when 9355056 is divided by 236.
16
Calculate the remainder when 215731524 is divided by 20.
4
Calculate the remainder when 626074 is divided by 2144.
26
Calculate the remainder when 2270010 is divided by 224.
218
What is the remainder when 1871864 is divided by 1871841?
23
Calculate the remainder when 2887612 is divided by 6092.
4
What is the remainder when 36266416 is divided by 755?
746
Calculate the remainder when 303536 is divided by 20206.
446
Calculate the remainder when 9145620 is divided by 13836.
24
What is the remainder when 17924 is divided by 1073?
756
Calculate the remainder when 12632 is divided by 2868.
1160
What is the remainder when 32395236 is divided by 10798398?
42
What is the remainder when 19049994 is divided by 62?
60
What is the remainder when 210762 is divided by 11372?
6066
Calculate the remainder when 42824 is divided by 1765.
464
What is the remainder when 430823 is divided by 86144?
103
What is the remainder when 28957712 is divided by 4138?
4126
What is the remainder when 200666 is divided by 25018?
522
Calculate the remainder when 41324 is divided by 4367.
2021
What is the remainder when 132549435 is divided by 6?
3
What is the remainder when 541565816 is divided by 2545?
2541
What is the remainder when 1152634 is divided by 67802?
0
Calculate the remainder when 5617182 is divided by 426.
372
What is the remainder when 5147758 is divided by 22981?
14
Calculate the remainder when 105528382 is divided by 107792.
14
Calculate the remainder when 68072 is divided by 967.
382
What is the remainder when 14138842 is divided by 2299?
2291
What is the remainder when 3670179 is divided by 63?
51
Calculate the remainder when 403188 is divided by 3200.
3188
What is the remainder when 175677 is divided by 6841?
4652
Calculate the remainder when 243263 is divided by 7354.
581
What is the remainder when 89895 is divided by 1799?
1744
What is the remainder when 26724 is divided by 4702?
3214
Calculate the remainder when 195455936 is divided by 435.
431
What is the remainder when 87199 is divided by 2555?
329
Calculate the remainder when 7130356 is divided by 1288.
1276
Calculate the remainder when 9299306 is divided by 759.
38
Calculate the remainder when 46909546 is divided by 126.
124
What is the remainder when 19943993 is divided by 436?
45
What is the remainder when 12649811 is divided by 11019?
11018
What is the remainder when 554920 is divided by 184449?
1573
What is the remainder when 1001682 is divided by 1634?
40
What is the remainder when 28952183 is divided by 298?
291
Calculate the remainder when 1487743 is divided by 24795.
43
What is the remainder when 5840238 is divided by 14?
12
Calculate the remainder when 142065630 is divided by 32.
30
What is the remainder when 846697 is divided by 1379?
1370
What is the remainder when 4988967 is divided by 89088?
39
What is the remainder when 1876703034 is divided by 33?
30
What is the remainder when 614829 is divided by 131?
46
Calculate the remainder when 2709769 is divided by 5000.
4769
What is the remainder when 123789 is divided by 123681?
108
What is the remainder when 4529963 is divided by 905992?
3
Calculate the remainder when 526224 is divided by 84.
48
What is the remainder when 62103 is divided by 942?
873
What is the remainder when 400601 is divided by 1305?
1271
Calculate the remainder when 57094 is divided by 19031.
1
What is the remainder when 12702080 is divided by 73849?
52
What is the remainder when 5706633 is divided by 5841?
5817
What is the remainder when 642979 is divided by 5451?
5212
What is the remainder when 5649107 is divided by 13?
9
What is the remainder when 12046 is divided by 901?
333
What is the remainder when 339186328 is divided by 294?
292
Calculate the remainder when 21294 is divided by 782.
180
Calculate the remainder when 45022 is divided by 41111.
3911
Calculate the remainder when 6207531 is divided by 387970.
11
Calculate the remainder when 322652 is divided by 99.
11
What is the remainder when 84086 is divided by 685?
516
Calculate the remainder when 34001407 is divided by 211.
23
What is the remainder when 5636534 is divided by 2295?
14
What is the remainder when 992298 is divided by 248062?
50
Calculate the remainder when 59320 is divided by 19663.